lculate the remainder when 9 is divided by 2/20*-4*-15.
3
Let a(v) = -v**3 - 5*v**2. Let j be a(-5). Let s(z) = -z + 17. What is the remainder when s(j) is divided by 6?
5
Suppose 0 = -3*y + j + 14, 3*y + j = 3*j + 19. Suppose y*l - 75 = -2*l. What is the remainder when 29 is divided by l?
14
Let d(s) = 11*s + 2. Calculate the remainder when d(6) is divided by 14.
12
Let j = -58 - -97. Calculate the remainder when j is divided by 14.
11
What is the remainder when (-234)/9*(1 - 2) is divided by (-39)/(-6) + (-1)/(-2)?
5
Suppose 4*r - 304 - 52 = 0. Calculate the remainder when r is divided by 23.
20
Suppose 0 = -10*a + 11*a - 6. What is the remainder when 27 is divided by a?
3
Let n = -5 - -9. Suppose 0 = 3*s + 4*i + 5 - 1, -36 = -5*s + n*i. Let o(c) = c**2 - 2*c + 3. Calculate the remainder when o(4) is divided by s.
3
Let y = 9 - 7. Suppose 7 = -o + y*o. Suppose 12 = 3*h + h. Calculate the remainder when o is divided by h.
1
Suppose -232 = -2*z + l, 3*l + 581 = 3*z + 2*z. Calculate the remainder when z is divided by 29.
28
Suppose 5 = x - c - 2*c, 5*x - 2*c - 25 = 0. Suppose 3*l = -y + 2, 3 = -2*l - x*y - 13. Suppose 34 = 4*n - l*n. What is the remainder when n is divided by 9?
8
Let r(j) = 2*j**2 + 10*j + 6. Suppose -3*h - 24 = -6. What is the remainder when 70 is divided by r(h)?
16
Suppose 104 = k - 55. What is the remainder when k is divided by 27?
24
Suppose 3*c + 21 = -u, -2*u = -2*c + 5*c + 18. Let v(g) = -2*g - 3. Suppose 2 - 4 = -o, -4*h + 110 = 5*o. What is the remainder when h is divided by v(c)?
12
Let o(f) = f + 5. What is the remainder when 26 is divided by o(10)?
11
Let o(n) = -n**2 + 10*n + 25. Calculate the remainder when 237 is divided by o(9).
33
Let u = 52 + -26. Suppose 0 = 3*p - p - 18. What is the remainder when u is divided by p?
8
Let y(b) = b + 11. Let o be y(-10). Let i(q) = 36*q**3 + q - 1. Let h(p) = 12*p**3 + 2*p**2 - 1. What is the remainder when i(o) is divided by h(1)?
10
Let z = 20 + 11. Suppose 0 = 2*c - 4*r - 14, z = 2*c + c - r. Suppose t + 3*m = 19, 0*m - m = -t + c. What is the remainder when t is divided by 4?
1
Let x be -2 - (-6 + 2 + 1). What is the remainder when 130 is divided by x - 16*(1 + -3)?
31
Suppose -5*k - 7 = -3*w, -3 = -2*k - k. What is the remainder when 5/w - 3/12 is divided by 1?
0
Let m(p) be the second derivative of 0 - 2/3*p**3 + 1/12*p**4 + 2*p**2 - 3*p. What is the remainder when 25 is divided by m(5)?
7
Suppose -4*p = -9*p + 85. Calculate the remainder when 1 + (-3)/(3/(-47)) is divided by p.
14
Suppose 7*i - 298 = -11. Calculate the remainder when i is divided by 11.
8
Suppose -4*v + 5*q = -155, -152 = 3*v - 7*v + 4*q. What is the remainder when 138 is divided by v?
33
Suppose 3*g + i = 5*g - 11, -4*i = 2*g - 16. Calculate the remainder when 33 is divided by g.
3
Suppose 78 = 7*t - 48. What is the remainder when 33 is divided by t?
15
Suppose 110 = -0*f + 5*f. Calculate the remainder when 80 is divided by f.
14
Suppose -111 = 6*n - 489. What is the remainder when n is divided by 16?
15
Suppose 70 = 4*r + 10*r. What is the remainder when 16 is divided by r?
1
Let u = -25 - -175. Let t(w) = -w**2 - 5*w. Let x be t(-5). Suppose x = -3*c - 2*c + u. Calculate the remainder when c is divided by 8.
6
Suppose 3*a - 6*a + 5*t + 7 = 0, 5*a + 2*t = -9. Let o be -3 - 0 - a - -99. What is the remainder when 6/33 - o/(-11) is divided by 6?
3
Suppose -2*n + 10 = -0. What is the remainder when 12 is divided by n?
2
Let n = -44 - -63. Calculate the remainder when n is divided by 7.
5
Calculate the remainder when 35 is divided by 245/21 + (-8)/(-6).
9
Suppose 2*u = 6*u - 48. Suppose -5*i = 4*m - 120, -3*m - 2*i = -42 - 55. What is the remainder when m is divided by u?
11
Suppose 4*c = 5*c - b - 247, c = -3*b + 267. Suppose -5*v + c = -v. What is the remainder when v is divided by 22?
19
Suppose 3*k - 6*k - 1218 = 0. What is the remainder when 22 is divided by k/(-49) + (-4)/14?
6
Let y(c) = 4*c**2 + 6*c - 13. Let a(s) = 2*s**2 + 3*s - 7. Let r(f) = -5*a(f) + 3*y(f). Calculate the remainder when r(-5) is divided by 11.
9
Suppose -2*o - 5 + 9 = 0. Suppose -27 = -o*z + 21. Suppose 0 = p + 4*p + v - 60, 5*v = -2*p + 1. Calculate the remainder when z is divided by p.
11
Let a(p) = p**3 + 3*p**2 - 9*p. Calculate the remainder when 50 is divided by a(-3).
23
Suppose c + 11 = 2*h, -8*c = -5*h - 7*c + 23. Suppose -h*b - 4*f - f = -125, -152 = -4*b + 4*f. What is the remainder when b is divided by 12?
11
Let c = 28 + -9. Let f be (4 - (-226)/(-4))*-2. What is the remainder when c is divided by f/14*4/3?
9
What is the remainder when 26 is divided by 38/(-95)*-1*25?
6
Let v = -18 + 32. Let s = 7 - 3. What is the remainder when v is divided by s?
2
Suppose 0 = -2*g - 0 + 2. Let f = g + 2. Suppose -b = f*b - 68. What is the remainder when b is divided by 9?
8
Let g(h) = -h**3 - 8*h**2 - 3*h + 4. What is the remainder when 83 is divided by g(-8)?
27
Let v = 4 + -2. Let b be -20*(-2 + v/2). Suppose 3*k - 71 = -b. What is the remainder when k is divided by 6?
5
Let j(x) = -17*x + 4. Calculate the remainder when j(-11) is divided by 48.
47
What is the remainder when 24 is divided by 6/15 - 132/(-20)?
3
Suppose 2*w = -0*w + 10. Suppose 4*n + 2 + 10 = v, -w*v = 5*n - 35. What is the remainder when 31 is divided by v?
7
Let w(l) = 2*l**2 - 3*l + 2. Let m be w(2). Let p = m + -2. What is the remainder when p is divided by 1?
0
Suppose -3*h = -0*h - 84. Let y = -17 + h. Calculate the remainder when 30 is divided by y.
8
Suppose g - 56 + 18 = 0. Let s = 152 - 132. Calculate the remainder when g is divided by s.
18
What is the remainder when 38 is divided by (4/5)/(8/80)?
6
Suppose 56 = 9*x - 5*x. Suppose -4*y + 66 = -x. Calculate the remainder when 57 is divided by y.
17
Let b = 54 + -109. Suppose -3*x + 4*p = 262, -2*p - 58 + 148 = -x. Let v = b - x. What is the remainder when v is divided by 15?
12
Let c be (2/(-4))/(2/(-8)). What is the remainder when 29 - 2*(-2)/(-4) is divided by (c + -22)*3/(-6)?
8
Let s be -3 - (1 - 3 - 24). Let x = s - 7. What is the remainder when 47 is divided by x?
15
Calculate the remainder when 192 is divided by ((-6)/(-9) + (-10)/(-12))*10.
12
What is the remainder when (-1263)/(-13) - (-18)/(-117) is divided by 25?
22
Let r = -37 - -19. Let y = r - -38. Calculate the remainder when y is divided by 12 - 0 - (1 - 0).
9
Let x = 265 + -183. Calculate the remainder when x is divided by 21.
19
Let n(q) = 2*q**2 + 2*q - 41. Calculate the remainder when n(-6) is divided by 6.
1
Suppose 0*p = 2*p + 20. Let g = -5 - p. What is the remainder when 9 is divided by 1/2*g*2?
4
Suppose -5*w + 4*m + 12 + 43 = 0, -3*m = 0. What is the remainder when 20 is divided by w?
9
Suppose 0 = -3*m - 3*m. Let v be 1 + (-2 + 0)/(-2). Suppose m*i - 2*u = v*i - 14, -3*i + 4*u + 35 = 0. Calculate the remainder when i is divided by 5.
4
Suppose -17*o + 424 = -375. What is the remainder when o is divided by 16?
15
Suppose 0 = -3*k - 5*x + 6, -k = 3*k + 2*x - 22. Calculate the remainder when 12 is divided by k.
5
Suppose 5*v = 5*o - 305, -36 - 78 = -2*o - 2*v. What is the remainder when o is divided by 12?
11
Let i = 17 - 11. Calculate the remainder when 10 is divided by i.
4
Suppose 0 = 7*d - 2*d - 20. What is the remainder when d is divided by 2?
0
Suppose -14 = 2*z - 3*z - u, -7 = -2*z + 5*u. Suppose 74 = -4*x + 190. What is the remainder when x is divided by z?
7
Let v(f) = 57*f + 2. Let k = 14 - -1. What is the remainder when v(1) is divided by k?
14
Let q = 26 + -23. Calculate the remainder when 11 is divided by q.
2
Let o be (-1 - -1 - -43)/1. Let g = -31 + o. Calculate the remainder when g is divided by 2/(0 - -2)*7.
5
Suppose v - 4*w + 7 - 20 = 0, -v + 11 = -2*w. Suppose -2*p = -x + 15, 5*x + 0*p = -3*p + 88. What is the remainder when x is divided by v?
8
Calculate the remainder when -4*1/3*-12 is divided by 9.
7
Suppose 3*f + g - 16 = 0, -2*f - 8 = -f - 3*g. Suppose 2 = -2*c + 6. Suppose -u = -c*u + 11. Calculate the remainder when u is divided by f.
3
Suppose -4 = -d + 2*d. Let o = d + 14. Calculate the remainder when 29 is divided by o.
9
Let l = 26 - 7. What is the remainder when 72 is divided by l?
15
Suppose 5*j = -3 + 43. What is the remainder when 29 is divided by j?
5
Let b be -4 - (-6)/(6 - 3). What i